r of 160 and l.
20
Let g be (-1104)/32*(8/6 + -2). Suppose 0 = g*i - 63 - 834. What is the greatest common divisor of 312 and i?
39
Let c(p) = p**3 - 5*p**2 - 4*p. Suppose 5*f + f + 18 = 0. Let u be c(f). Let r be (144/u)/((-2)/5). What is the highest common divisor of 54 and r?
6
Let w(f) = -11*f**2 + 68*f + 86. Let x be w(6). Let p be (14/6)/(15/90). Calculate the highest common factor of x and p.
14
Suppose 0 = 5*o - 3*d - 225, -2*o - 4*d - 45 = -3*o. Suppose 0 = 33*g - 38*g + o. Calculate the greatest common divisor of g and 261.
9
Let h be (4428/216)/((-2)/(-60)). Calculate the highest common factor of h and 60.
15
Let s be (6 - 2 - 16) + 3/1. Let o = 1 - s. Let a = 16 + 54. What is the greatest common divisor of a and o?
10
Let s be (6/(-9))/(4/(-18)). Suppose 11 = s*x - 25. Suppose -4*y - 3*t = -24, 263*t - 260*t = -3*y + 18. Calculate the greatest common factor of y and x.
6
Let f be (15 + (-480)/(-8))/(1/3). Suppose 360 = 2*v + 2*v. Calculate the greatest common factor of f and v.
45
Let j be (91/(-77) + 1)*-44. Let s be (-12)/(-8) + 218/4. Let x = s + 16. Calculate the highest common divisor of j and x.
8
Suppose 2*w + w = 60. Suppose 2*l = 4*j + 4*l - 66, 5*j - 2*l - 69 = 0. Calculate the greatest common factor of w and j.
5
Let x(m) = 8*m - 74. Suppose -7*v - 262 = -339. Let o be x(v). Calculate the highest common factor of o and 112.
14
Suppose -3*n + 2*n - 5*c = 29, 5*n + 45 = -5*c. Let l be ((-68)/(-8) - n)*204/10. What is the greatest common factor of l and 102?
51
Suppose -2*d + 86*n - 83*n + 935 = 0, 3*n = -4*d + 1951. Calculate the greatest common factor of 37 and d.
37
Suppose -2*v - 3873 = -3*y - 13860, -v - y = -4971. Calculate the greatest common divisor of v and 60.
60
Let d be (2/(-6))/((-9)/1485). What is the greatest common factor of 836 and d?
11
Let g(n) = n. Let v be g(0). Suppose v*d = 3*d - 114. Let q = -4699 - -4775. Calculate the greatest common divisor of q and d.
38
Suppose 8*a - 3200 = 136. Suppose -y - 3*d = -a, -28*y = -31*y + 3*d + 1263. Calculate the greatest common factor of y and 30.
30
Let a(l) = 39*l**2 - 2*l + 1. Let t be a(2). Let g = t + -60. Suppose -4*i + g = 5*m, -3*m + 5*i + 120 = 2*m. Calculate the highest common divisor of m and 168.
21
Let g = -14099 + 16402. What is the greatest common divisor of 147 and g?
49
Let u be (-13 - -54) + -2*1. Let r be -312*(-5 + (0 - 45/(-10))). Calculate the highest common factor of r and u.
39
Let z(d) = -162*d**3 - 3*d**2 - 2*d + 7. Let i be z(-2). Calculate the greatest common factor of i and 15.
5
Suppose -236 = -h + 5*d - 10*d, 0 = 5*h - d - 1336. Calculate the greatest common divisor of h and 1406.
38
Suppose 0 = -k - p - 1 + 10, 3*k - p = 23. Suppose -2*j + 82 = 5*x, -182 = -5*j + 4*x - 5*x. Calculate the greatest common divisor of j and k.
4
Let l be 3/(1/((-12)/9)) - -114. Suppose -5*v + l = -5*z, 5*z - 18 = -v + 4. Calculate the highest common divisor of 286 and v.
22
Let y = -724 + 929. Suppose -y*m = -211*m + 48. Calculate the highest common factor of 26 and m.
2
Suppose 0 = 4*v - 4*r - 2972, -2049 - 905 = -4*v - 2*r. Calculate the highest common factor of 35 and v.
5
Let t = 20893 + -20879. Calculate the highest common divisor of 13643 and t.
7
Suppose -2*u - 15 = l, 2*u + 15*l + 17 = 12*l. Let k be (-2 - 0)*((1 - -2) + u). What is the highest common divisor of k and 64?
8
Let l = -32892 + 33006. Calculate the highest common divisor of 15618 and l.
114
Let r(h) = 2498*h**2 - 19*h - 26. Let z be r(-1). What is the greatest common factor of 53 and z?
53
Suppose 606 = n + 2*k, 7*n - k - 1818 = 4*n. Calculate the greatest common divisor of 6 and n.
6
Let o(d) = -d**3 - 4*d**2 + 30*d - 3. Let s be o(-9). Let k = -123 + s. Let z be (-9)/(-21) + (-108)/(-42) + k. What is the highest common factor of 36 and z?
12
Let t(s) = s**2 - s. Let b be t(2). Suppose 2*x = b*u + u - 257, -184 = -2*u - 5*x. Let c = -6960 - -7018. What is the highest common factor of c and u?
29
Let r(n) = 11*n - 9*n + 16*n + 9 + 2*n. Let b be r(9). Calculate the greatest common factor of b and 27.
27
Let a = 10675 - 7588. What is the highest common divisor of 189 and a?
63
Let l be (-222)/296*(0 - 1004). Let w = l - 500. What is the highest common factor of 115 and w?
23
Suppose 2*a - a = 20. Let q = -490 + 489. Let i be (-13)/39*(q + (-117 - 2)). What is the highest common factor of a and i?
20
Let o be -19 - -77 - (-7 - -2). What is the highest common factor of 1743 and o?
21
Let k be 4*(29/(-20) - (-4)/20). Let n(p) = -p**3 - 3*p**2 + 10*p + 1. Let j be n(k). Calculate the greatest common factor of j and 39.
1
Suppose 0 = -2*b - 10 + 14. Suppose -b*c + 9*c = 147. Suppose -c - 9 = -6*q. Calculate the highest common factor of 15 and q.
5
Let t(n) = -2317*n + 966. Let c be t(-2). What is the greatest common factor of 150 and c?
50
Let g(f) = 4*f**3 + f**2 - f + 3. Let u be g(3). Let a be (-40)/70 + 582/14. Let n = a - 28. What is the greatest common divisor of n and u?
13
Let s(x) = 66*x**3 - 6*x**2 + 9*x - 9. Let o be s(2). What is the highest common factor of o and 361?
19
Let a = -1259 + 1269. Suppose 0 + 22 = 4*x - 2*h, h = -2*x + 5. Calculate the highest common divisor of x and a.
2
Let n be (-1 + -23)/(8 - 3 - 7). What is the highest common factor of 75 and n?
3
Let i be (-110)/(-8) - 57/(-228). What is the highest common factor of i and 686?
14
Suppose -3*m - 5*x = 1, -m = -8*x + 3*x - 13. Suppose m*l = -15, -5*n + 2*l = 7*l - 5. Let d = -2 + n. Calculate the highest common divisor of 4 and d.
4
Let h = 468 - 463. Suppose -2*c + 4*k - k + 15 = 0, -2*k = -c + h. Calculate the highest common divisor of c and 15.
15
Suppose 49*p - 6891 - 5250 = -381. What is the highest common factor of p and 5184?
48
Let g be 4 - (-2 - -2 - 2). Suppose -g + 2 = -l. Let j be (-380)/(-15) + l/(-3). What is the greatest common divisor of 8 and j?
8
Let b = 4 - -6. Let r = b - 5. Suppose d = -2*i + 4*d + 84, 4*i - 178 = d. Calculate the greatest common divisor of r and i.
5
Let f(u) = -78*u - 798. Let i be f(-22). Calculate the greatest common factor of i and 12.
6
Let d be (3/(-1))/3*-122 - 2. Let a be ((-4)/(-6))/(-5 - (-604)/d). What is the greatest common divisor of a and 30?
10
Suppose -2903 = -5*q - d, 535 = 2*q - 2*d - 631. Calculate the highest common factor of q and 28.
7
Let x = 461 + -10. Let m = -960 + 1042. What is the highest common factor of x and m?
41
Suppose 0 = -22*g + 21*g - 192. Let w = g - -352. What is the greatest common divisor of w and 10?
10
Let z(l) = -l**3 + 39*l**2 - 45*l + 171. Let n be z(38). Let y = 131 + -66. Let r = y - n. Calculate the highest common factor of r and 16.
16
Let u be 2/(-5) - 74572/(-1030). What is the greatest common divisor of 152 and u?
8
Suppose -7 = -r + 11. Let k = 538 + -448. What is the highest common factor of k and r?
18
Suppose 28*b = -2587 + 124303. Calculate the highest common factor of 644 and b.
161
Let f = 2590 - 1343. Let w be 8 + 6 + -10 - (1 - f). Calculate the highest common divisor of w and 50.
50
Suppose -5550 = 5*k - 7*k - 3*n, -4*k + 3*n + 11100 = 0. Calculate the greatest common factor of k and 30.
15
Let z be ((-28)/6)/(30/45). Let k be 9*z/28*-4. What is the greatest common divisor of 441 and k?
9
Suppose 44 = -2*h + 824. Let v = 2130 + -2013. What is the highest common divisor of v and h?
39
Let u(s) = 42*s + 413. Let x be u(12). Calculate the greatest common divisor of x and 3537.
131
Suppose 10*r + 1440 = 18*r. Suppose -r = 7*x - 684. Let f be ((-18)/8)/(2/(-16)). What is the highest common factor of x and f?
18
Let d(l) = -116*l - 12508. Let o be d(-108). Let p = 2 + 8. Calculate the highest common factor of p and o.
10
Let q be 10*(144/(-42) - -3)*-686. Suppose 564 - q = -33*h. What is the greatest common factor of 1152 and h?
72
Suppose 1075923 = -24*b + 135*b. What is the highest common factor of 135 and b?
27
Suppose -12 = 2*v - 4*v. Let o be 1/(2/58) - v/(-2). Calculate the greatest common factor of 32 and o.
32
Suppose -618 = 99*p - 105*p. Let j = -91 + p. What is the greatest common divisor of 24 and j?
12
Suppose 9667 = 43*m + 18*m + 273. Calculate the highest common factor of 46 and m.
2
Suppose 0 = -2*x - 2*m + 68, 4*x + 3*m - 28 - 101 = 0. Let v be 2/(8/(-6))*-18. What is the highest common divisor of